.
22
Convert -3 (base 8) to base 10.
-3
What is -60 (base 14) in base 8?
-124
Convert -4 (base 14) to base 4.
-10
-42 (base 5) to base 11
-20
Convert -1010100 (base 2) to base 12.
-70
Convert -41 (base 7) to base 13.
-23
-10111 (base 2) to base 4
-113
-2 (base 11) to base 6
-2
-122 (base 15) to base 10
-257
Convert d0 (base 16) to base 13.
130
Convert -20 (base 6) to base 14.
-c
2 (base 6) to base 8
2
What is 0 (base 5) in base 3?
0
-35 (base 6) to base 15
-18
Convert -2 (base 8) to base 11.
-2
Convert 0 (base 7) to base 2.
0
What is -7c (base 14) in base 3?
-11002
-3 (base 12) to base 4
-3
What is 113 (base 8) in base 14?
55
Convert -26 (base 12) to base 8.
-36
-15 (base 14) to base 15
-14
What is -332 (base 8) in base 7?
-431
What is -146 (base 8) in base 12?
-86
What is -342 (base 5) in base 14?
-6d
111 (base 3) to base 4
31
Convert -1c (base 13) to base 12.
-21
-3 (base 11) to base 14
-3
-118 (base 12) to base 16
-a4
-a (base 12) to base 4
-22
What is 61 (base 9) in base 13?
43
-2 (base 5) to base 8
-2
-2333 (base 4) to base 10
-191
Convert -26 (base 10) to base 16.
-1a
Convert -1010 (base 2) to base 10.
-10
What is 29 (base 14) in base 9?
41
20 (base 11) to base 14
18
130 (base 4) to base 9
31
What is -11 (base 9) in base 7?
-13
Convert 10 (base 2) to base 14.
2
-12 (base 8) to base 10
-10
What is -27 (base 15) in base 13?
-2b
What is 3 (base 16) in base 10?
3
-5 (base 16) to base 12
-5
Convert 103 (base 6) to base 3.
1110
Convert -2 (base 15) to base 7.
-2
Convert -15 (base 10) to base 2.
-1111
Convert 3 (base 12) to base 6.
3
What is 0 (base 14) in base 3?
0
What is -142 (base 14) in base 7?
-512
What is -122 (base 3) in base 14?
-13
Convert 81 (base 9) to base 15.
4d
What is 0 (base 5) in base 6?
0
30 (base 6) to base 7
24
-c6 (base 13) to base 14
-b8
-160 (base 9) to base 13
-a5
2 (base 4) to base 12
2
Convert -4 (base 15) to base 4.
-10
-49 (base 13) to base 12
-51
-6 (base 15) to base 4
-12
What is 12 (base 4) in base 7?
6
What is -21 (base 11) in base 9?
-25
-1 (base 9) to base 10
-1
a2 (base 12) to base 10
122
-d (base 16) to base 3
-111
8b (base 16) to base 9
164
Convert -51 (base 12) to base 9.
-67
Convert -46 (base 11) to base 4.
-302
6 (base 14) to base 3
20
What is 424 (base 6) in base 16?
a0
Convert -19 (base 12) to base 7.
-30
What is -44 (base 11) in base 16?
-30
-3 (base 6) to base 16
-3
What is -73 (base 8) in base 3?
-2012
Convert 125 (base 12) to base 6.
445
-2 (base 7) to base 6
-2
-b2 (base 12) to base 9
-158
-32 (base 13) to base 7
-56
Convert -143 (base 7) to base 9.
-88
Convert -43 (base 8) to base 4.
-203
Convert -9 (base 13) to base 7.
-12
Convert 1 (base 2) to base 7.
1
-123 (base 5) to base 14
-2a
Convert -52 (base 11) to base 4.
-321
-23 (base 16) to base 3
-1022
Convert 55 (base 16) to base 8.
125
What is -2 (base 7) in base 9?
-2
43 (base 15) to base 7
120
Convert 1001 (base 2) to base 13.
9
-191 (base 15) to base 13
-21a
Convert -2 (base 15) to base 5.
-2
What is 60 (base 9) in base 6?
130
What is 252 (base 7) in base 10?
135
What is -8 (base 13) in base 16?
-8
Convert -14 (base 7) to base 13.
-b
What is 3 (base 16) in base 9?
3
What is 1 (base 5) in base 2?
1
222 (base 4) to base 11
39
Convert 2 (base 10) to base 5.
2
What is -2001 (base 3) in base 12?
-47
10 (base 3) to base 4
3
What is 1322 (base 4) in base 13?
95
Convert 1 (base 10) to base 6.
1
Convert -a (base 11) to base 12.
-a
What is 9 (base 15) in base 7?
12
Convert 1430 (base 5) to base 16.
f0
15e (base 15) to base 14
186
What is 203 (base 4) in base 13?
29
Convert -20 (base 4) to base 16.
-8
1 (base 4) to base 6
1
Convert 44 (base 5) to base 10.
24
2 (base 11) to base 16
2
Convert 3 (base 14) to base 2.
11
-1000 (base 2) to base 4
-20
Convert -1 (base 5) to base 8.
-1
What is 185 (base 12) in base 10?
245
6 (base 10) to base 8
6
Convert -3 (base 16) to base 15.
-3
What is 2 (base 12) in base 6?
2
Convert -c (base 14) to base 12.
-10
Convert 0 (base 7) to base 15.
0
Convert -1 (base 4) to base 13.
-1
1200 (base 3) to base 16
2d
1001 (base 3) to base 14
20
Convert 10 (base 5) to base 11.
5
Convert -231 (base 4) to base 6.
-113
What is 0 (base 5) in base 14?
0
Convert 14 (base 10) to base 6.
22
-42 (base 6) to base 2
-11010
Convert -2 (base 5) to base 12.
-2
Convert -240 (base 7) to base 4.
-1332
What is -15 (base 9) in base 15?
-e
What is -120 (base 8) in base 7?
-143
3 (base 9) to base 13
3
Convert 3 (base 9) to base 5.
3
a4 (base 11) to base 16
72
What is 3 (base 13) in base 14?
3
Convert 3 (base 5) to base 13.
3
What is 12 (base 3) in base 11?
5
What is 20 (base 12) in base 16?
18
Convert -14 (base 13) to base 9.
-18
11 (base 4) to base 3
12
-26 (base 15) to base 11
-33
What is 76 (base 11) in base 3?
10002
What is 4 (base 13) in base 15?
4
What is 1b9 (base 12) in base 14?
165
Convert 22 (base 16) to base 11.
31
10110 (base 2) to base 4
112
12 (base 4) to base 2
110
What is 2242 (base 5) in base 14?
190
What is -11 (base 6) in base 11?
-7
Convert -20 (base 3) to base 4.
-12
Convert 89 (base 11) to base 13.
76
Convert 125 (base 8) to base 11.
78
0 (base 3) to base 6
0
16 (base 10) to base 12
14
What is -3 (base 12) in base 13?
-3
What is 46 (base 13) in base 9?
64
2 (base 9) to base 3
2
6 (base 15) to base 9
6
Convert -12 (base 15) to base 6.
-25
What is 5 (base 12) in base 13?
5
0 (base 14) to base 10
0
-91 (base 10) to base 4
-1123
Convert -30 (base 4) to base 7.
-15
What is 310 (base 7) in base 11?
130
Convert 50 (base 9) to base 12.
39
Convert -2 (base 6) to base 10.
-2
Convert -13 (base 16) to base 9.
-21
-b1 (base 14) to base 4
-2123
-230 (base 4) to base 12
-38
Convert 0 (base 16) to base 4.
0
Convert -c2 (base 13) to base 9.
-185
Convert -22 (base 8) to base 14.
-14
Convert 101 (base 2) to base 13.
5
Convert 151 (base 6) to base 4.
1003
What is 6 (base 12) in base 6?
10
What is -1320 (base 6) in base 9?
-413
What is 3 (base 16) in base 8?
3
Convert 43 (base 13) to base 3.
2001
Convert 4 (base 9) to base 16.
4
Convert -11 (base 5) to base 7.
-6
-2a (base 13) to base 14
-28
What is 15 (base 8) in base 9?
14
-12 (base 11) to base 6
-21
-3 (base 11) to base 6
-3
Convert -1 (base 5) to base 11.
-1
33 (base 12) to base 7
54
What is -11 (base 11) in base 16?
-c
What is 4 (base 7) in base 12?
4
What is -23 (base 15) in base 4?
-201
-111 (base 2) to base 8
-7
What is 111 (base 4) in base 15?
16
65 (base 9) to base 14
43
Convert 101 (base 2) to base 6.
5
-111101 (base 2) to base 3
-2021
Convert 3 (base 5) to base 8.
3
-20 (base 4) to base 16
-8
Convert a (base 13) to base 15.
a
What is -2d (base 15) in base 10?
-43
1000100 (base 2) to base 4
1010
What is -4 (base 14) in base 12?
-4
-1 (base 11) to base 5
-1
Convert 10 (base 9) to base 12.
9
Convert -18 (base 9) to base 7.
-23
3 (base 7) to base 12
3
What is -21100 (base 3) in base 2?
-11000110
What is -119 (base 13) in base 8?
-277
Convert -215 (base 14) to base 8.
-633
What is -110 (base 12) in base 6?
-420
-3 (base 10) to base 15
-3
-10 (base 3) to base 2
-11
2 (base 14) to base 9
2
Convert 5 (base 10) to base 8.
5
-2 (base 13) to base 2
-10
What is -4 (base 10) in base 5?
-4
What is 67 (base 9) in base 16?
3d
Convert a7 (base 12) to base 2.
1111111
Convert 110 (base 3) to base 9.
13
-1 (base 2) to base 6
-1
What is 0 (base 7) in base 11?
0
Convert -13 (base 9) to base 7.
-15
What is 3 (base 7) in base 2?
11
Convert -2 (base 16) to base 4.
-2
Convert 10111 (base 3) to base 9.
114
What is -3 (base 5) in base 14?
-3
-118 (base 9) to base 11
-8a
Convert -80 (base 16) to base 7.
-242
-121 (base 3) to base 16
-10
4 (base 14) to base 3
11
-4 (base 5) to base 14
-4
What is 189 (base 13) in base 2?
100011010
Convert 16 (base 7) to base 5.
23
What is -21 (base 3) in base 10?
-7
11 (base 3) to base 15
4
What is -66 (base 12) in base 8?
-116
What is 3 (base 7) in base 4?
3
What is -173 (base 15) in base 2?
-101001101
Convert -18 (base 11) to base 4.
-103
What is -100101 (base 3) in base 2?
-11111101
2 (base 12) to base 6
2
-a (base 15) to base 16
-a
Convert -66 (base 9) to base 8.
-74
Convert -121 (base 3) to base 2.
-10000
What is 0 (base 12) in base 16?
0
-21 (base 5) to base 7
-14
Convert 232 (base 4) to base 7.
64
Convert 4 (base 9) to base 14.
4
What is 30 (base 13) in base 11?
36
What is -5 (b